hat is the highest common divisor of 488 and 6?
2
Calculate the greatest common divisor of 57 and 1805.
19
Calculate the highest common divisor of 1065 and 71.
71
What is the greatest common divisor of 93 and 3906?
93
What is the greatest common divisor of 531 and 118?
59
Calculate the highest common factor of 282 and 2350.
94
Calculate the greatest common factor of 1287 and 819.
117
Calculate the highest common factor of 4 and 9.
1
What is the highest common factor of 17 and 1343?
17
Calculate the highest common factor of 304 and 32.
16
What is the highest common divisor of 208 and 78?
26
What is the highest common divisor of 87 and 638?
29
Calculate the highest common divisor of 2034 and 180.
18
Calculate the highest common divisor of 1012 and 22.
22
What is the greatest common divisor of 16 and 168?
8
What is the highest common factor of 1100 and 675?
25
Calculate the greatest common factor of 610 and 10.
10
What is the greatest common divisor of 125 and 175?
25
What is the highest common divisor of 266 and 630?
14
Calculate the greatest common factor of 264 and 11000.
88
Calculate the greatest common factor of 8 and 36.
4
Calculate the greatest common divisor of 2158 and 286.
26
Calculate the greatest common divisor of 208 and 546.
26
What is the highest common factor of 4 and 2772?
4
Calculate the highest common divisor of 28 and 4.
4
What is the highest common factor of 2578 and 1?
1
Calculate the highest common factor of 12222 and 84.
42
What is the greatest common factor of 4488 and 6936?
408
Calculate the greatest common divisor of 94 and 1222.
94
Calculate the greatest common divisor of 182 and 1183.
91
Calculate the greatest common divisor of 28 and 602.
14
Calculate the highest common divisor of 3681 and 45.
9
Calculate the highest common divisor of 6 and 2778.
6
Calculate the greatest common divisor of 442 and 624.
26
What is the highest common factor of 992 and 62?
62
What is the highest common divisor of 7 and 49?
7
Calculate the greatest common factor of 1701 and 63.
63
What is the greatest common divisor of 42 and 18158?
14
Calculate the highest common divisor of 2006 and 34.
34
What is the highest common divisor of 17 and 1054?
17
Calculate the highest common factor of 297 and 11.
11
What is the greatest common divisor of 1098 and 18?
18
What is the highest common divisor of 1150 and 75?
25
What is the greatest common divisor of 104 and 2444?
52
What is the highest common factor of 850 and 200?
50
What is the highest common divisor of 136 and 85?
17
What is the greatest common divisor of 12 and 656?
4
What is the highest common divisor of 697 and 41?
41
What is the highest common divisor of 52 and 221?
13
What is the highest common factor of 5345 and 20?
5
What is the highest common factor of 4 and 187?
1
What is the greatest common factor of 493 and 29?
29
Calculate the greatest common factor of 56 and 308.
28
What is the greatest common factor of 49 and 1519?
49
Calculate the highest common factor of 432 and 96.
48
Calculate the greatest common divisor of 28 and 1526.
14
Calculate the greatest common factor of 6 and 1282.
2
What is the highest common divisor of 24 and 36012?
12
What is the highest common factor of 50 and 130?
10
Calculate the highest common divisor of 207 and 1472.
23
Calculate the highest common divisor of 26847 and 114.
57
Calculate the greatest common divisor of 1525 and 100.
25
Calculate the highest common factor of 160 and 12960.
160
What is the greatest common divisor of 5635 and 490?
245
What is the highest common factor of 1206 and 72?
18
Calculate the greatest common factor of 55 and 8.
1
What is the greatest common divisor of 58 and 54?
2
Calculate the greatest common factor of 12 and 30.
6
Calculate the greatest common factor of 10 and 605.
5
What is the greatest common factor of 123 and 96?
3
What is the greatest common factor of 156 and 1677?
39
What is the greatest common factor of 2812 and 148?
148
What is the greatest common factor of 9 and 2151?
9
What is the greatest common factor of 13 and 52?
13
What is the greatest common divisor of 39 and 65?
13
Calculate the greatest common factor of 282 and 9.
3
What is the greatest common divisor of 248 and 961?
31
What is the greatest common factor of 81 and 135?
27
What is the highest common factor of 4088 and 952?
56
What is the highest common factor of 18 and 162?
18
What is the highest common factor of 144 and 108?
36
Calculate the greatest common factor of 30 and 23190.
30
Calculate the greatest common factor of 50 and 2425.
25
Calculate the highest common divisor of 1264 and 32.
16
Calculate the highest common divisor of 2702 and 42.
14
What is the greatest common factor of 59 and 295?
59
Calculate the greatest common factor of 84 and 5754.
42
What is the highest common divisor of 9 and 9?
9
Calculate the greatest common factor of 175 and 49.
7
Calculate the highest common divisor of 203 and 7.
7
What is the highest common divisor of 816 and 96?
48
What is the highest common factor of 738 and 29766?
246
What is the greatest common factor of 2497 and 55?
11
What is the greatest common divisor of 1448 and 16?
8
What is the highest common factor of 24 and 186?
6
Calculate the highest common divisor of 3 and 156.
3
What is the greatest common factor of 72 and 192?
24
What is the greatest common factor of 272 and 5032?
136
What is the greatest common factor of 6 and 39?
3
Calculate the highest common factor of 29 and 5104.
29
What is the greatest common factor of 70 and 448?
14
What is the highest common factor of 5 and 865?
5
What is the greatest common factor of 3058 and 22?
22
What is the highest common factor of 255 and 170?
85
What is the greatest common divisor of 6725 and 4842?
269
Calculate the greatest common factor of 3087 and 189.
63
What is the highest common factor of 528 and 36?
12
What is the highest common divisor of 15 and 45?
15
What is the highest common divisor of 135 and 1215?
135
Calculate the highest common factor of 66 and 72.
6
What is the greatest common factor of 781 and 568?
71
Calculate the highest common factor of 2912 and 26.
26
What is the highest common divisor of 80 and 352?
16
Calculate the highest common divisor of 32 and 112.
16
Calculate the greatest common factor of 18 and 126.
18
Calculate the greatest common factor of 448 and 182.
14
What is the greatest common divisor of 2340 and 90?
90
What is the highest common divisor of 170 and 10?
10
Calculate the greatest common divisor of 876 and 17228.
292
Calculate the highest common divisor of 12 and 45.
3
Calculate the highest common factor of 65 and 52.
13
Calculate the highest common divisor of 14 and 952.
14
What is the greatest common divisor of 54 and 35334?
18
Calculate the greatest common divisor of 256 and 160.
32
What is the greatest common factor of 129 and 6?
3
Calculate the greatest common divisor of 2278 and 938.
134
What is the greatest common divisor of 169 and 299?
13
What is the highest common factor of 37 and 14800?
37
Calculate the highest common divisor of 143 and 2899.
13
What is the highest common factor of 63 and 7168?
7
Calculate the highest common factor of 74 and 1.
1
What is the greatest common factor of 13 and 81419?
13
Calculate the greatest common factor of 8295 and 75.
15
Calculate the greatest common factor of 1703 and 917.
131
Calculate the highest common factor of 188 and 235.
47
Calculate the highest common divisor of 55 and 55.
55
Calculate the highest common factor of 136 and 48.
8
Calculate the greatest common divisor of 15 and 1905.
15
What is the greatest common factor of 162 and 8829?
81
What is the highest common factor of 60 and 510?
30
What is the greatest common factor of 104 and 494?
26
What is the greatest common divisor of 864 and 540?
108
Calculate the highest common factor of 77 and 2629.
11
What is the highest common divisor of 13 and 208?
13
Calculate the greatest common factor of 5 and 241.
1
Calculate the greatest common divisor of 77 and 2387.
77
Calculate the greatest common divisor of 9 and 9.
9
What is the greatest common divisor of 93 and 5487?
93
What is the highest common factor of 357 and 3808?
119
What is the greatest common divisor of 209 and 11?
11
Calculate the highest common factor of 2332 a